{"id":331,"date":"2026-04-10T09:07:36","date_gmt":"2026-04-10T09:07:36","guid":{"rendered":"https:\/\/kimhouse.azdigi.shop\/?post_type=product&#038;p=331"},"modified":"2026-04-12T03:08:46","modified_gmt":"2026-04-12T03:08:46","slug":"thach-nha-lam","status":"publish","type":"product","link":"https:\/\/kimhouse.azdigi.shop\/index.php\/product\/thach-nha-lam\/","title":{"rendered":"TH\u1ea0CH NH\u00c0 L\u00c0M"},"content":{"rendered":"<h2 data-path-to-node=\"2\">Topping Th\u1ea1ch Nh\u00e0 L\u00e0m KimHouse \u2013 S\u1ef1 K\u1ebft H\u1ee3p Ho\u00e0n H\u1ea3o Cho \u0110\u1ed3 U\u1ed1ng<\/h2>\n<p data-path-to-node=\"3\">N\u1ebfu b\u1ea1n \u0111\u00e3 quen thu\u1ed9c v\u1edbi nh\u1eefng lo\u1ea1i tr\u00e2n ch\u00e2u c\u00f4ng nghi\u1ec7p. H\u00e3y th\u1eed m\u1ed9t l\u1ea7n \u0111\u1ed5i v\u1ecb v\u1edbi <b data-path-to-node=\"3\" data-index-in-node=\"87\">topping th\u1ea1ch nh\u00e0 l\u00e0m<\/b> t\u1ea1i KimHouse. \u0110\u01b0\u1ee3c ch\u1ebf bi\u1ebfn th\u1ee7 c\u00f4ng m\u1ed7i ng\u00e0y v\u1edbi t\u00e2m huy\u1ebft t\u1eeb nh\u1eefng ng\u01b0\u1eddi th\u1ee3 pha ch\u1ebf. C\u00e1c lo\u1ea1i th\u1ea1ch c\u1ee7a ch\u00fang t\u00f4i kh\u00f4ng ch\u1ec9 mang \u0111\u1ebfn s\u1ef1 ngon mi\u1ec7ng m\u00e0 c\u00f2n \u0111\u1ea3m b\u1ea3o an to\u00e0n tuy\u1ec7t \u0111\u1ed1i cho s\u1ee9c kh\u1ecfe c\u1ee7a kh\u00e1ch h\u00e0ng.<\/p>\n<h3 data-path-to-node=\"4\">Ch\u1ea5t l\u01b0\u1ee3ng kh\u00e1c bi\u1ec7t t\u1eeb topping th\u1ea1ch nh\u00e0 l\u00e0m t\u1ea1i KimHouse<\/h3>\n<p data-path-to-node=\"5\">B\u00ed m\u1eadt t\u1ea1o n\u00ean s\u1ee9c h\u00fat c\u1ee7a <b data-path-to-node=\"5\" data-index-in-node=\"27\">topping th\u1ea1ch nh\u00e0 l\u00e0m<\/b> t\u1ea1i <b data-path-to-node=\"5\" data-index-in-node=\"53\">KimHouse<\/b> ch\u00ednh l\u00e0 ngu\u1ed3n nguy\u00ean li\u1ec7u ho\u00e0n to\u00e0n t\u1ef1 nhi\u00ean. Ch\u00fang t\u00f4i n\u00f3i kh\u00f4ng v\u1edbi c\u00e1c lo\u1ea1i h\u01b0\u01a1ng li\u1ec7u h\u00f3a h\u1ecdc hay ph\u1ea9m m\u00e0u c\u00f4ng nghi\u1ec7p. Thay v\u00e0o \u0111\u00f3, m\u1ed7i m\u1ebb th\u1ea1ch \u0111\u1ec1u \u0111\u01b0\u1ee3c chi\u1ebft xu\u1ea5t t\u1eeb n\u01b0\u1edbc c\u1ed1t tr\u00e1i c\u00e2y t\u01b0\u01a1i. L\u00e1 d\u1ee9a th\u01a1m n\u1ed3ng, hay c\u00e0 ph\u00ea nguy\u00ean ch\u1ea5t \u0111\u1ec3 t\u1ea1o n\u00ean h\u01b0\u01a1ng v\u1ecb \u0111\u1eb7c tr\u01b0ng, thu\u1ea7n khi\u1ebft nh\u1ea5t.<\/p>\n<p data-path-to-node=\"6\">K\u1ebft c\u1ea5u c\u1ee7a th\u1ea1ch \u0111\u01b0\u1ee3c c\u0103n ch\u1ec9nh t\u1ec9 m\u1ec9 \u0111\u1ec3 \u0111\u1ea1t \u0111\u1ebfn \u0111\u1ed9 dai gi\u00f2n s\u1ea7n s\u1eadt. Nh\u01b0ng v\u1eabn gi\u1eef \u0111\u01b0\u1ee3c s\u1ef1 m\u1ec1m m\u1ea1i c\u1ea7n thi\u1ebft. Khi k\u1ebft h\u1ee3p c\u00f9ng tr\u00e0 s\u1eefa b\u00e9o ng\u1eady hay c\u00e1c d\u00f2ng tr\u00e0 tr\u00e1i c\u00e2y thanh m\u00e1t. L\u1edbp th\u1ea1ch n\u00e0y \u0111\u00f3ng vai tr\u00f2 l\u00e0 \u0111i\u1ec3m nh\u1ea5n th\u00fa v\u1ecb. Gi\u00fap n\u00e2ng t\u1ea7m tr\u1ea3i nghi\u1ec7m v\u1ecb gi\u00e1c c\u1ee7a b\u1ea1n l\u00ean m\u1ed9t \u0111\u1eb3ng c\u1ea5p m\u1edbi.<\/p>\n<h3 data-path-to-node=\"7\">T\u1ea1i sao n\u00ean \u01b0u ti\u00ean ch\u1ecdn topping nh\u00e0 l\u00e0m khi gh\u00e9 KimHouse?<\/h3>\n<p data-path-to-node=\"8\">S\u1ef1 an to\u00e0n v\u00e0 t\u01b0\u01a1i m\u1edbi lu\u00f4n l\u00e0 ti\u00eau ch\u00ed h\u00e0ng \u0111\u1ea7u m\u00e0 ch\u00fang t\u00f4i h\u01b0\u1edbng t\u1edbi khi gi\u1edbi thi\u1ec7u d\u00f2ng topping n\u00e0y:<\/p>\n<ul data-path-to-node=\"9\">\n<li>\n<p data-path-to-node=\"9,0,0\"><b data-path-to-node=\"9,0,0\" data-index-in-node=\"0\">T\u01b0\u01a1i m\u1edbi m\u1ed7i ng\u00e0y:<\/b> Th\u1ea1ch \u0111\u01b0\u1ee3c l\u00e0m v\u00e0 s\u1eed d\u1ee5ng h\u1ebft trong ng\u00e0y, \u0111\u1ea3m b\u1ea3o \u0111\u1ed9 gi\u00f2n v\u00e0 kh\u00f4ng b\u1ecb b\u1edf.<\/p>\n<\/li>\n<li>\n<p data-path-to-node=\"9,1,0\"><b data-path-to-node=\"9,1,0\" data-index-in-node=\"0\">\u0110\u1ed9 ng\u1ecdt thanh nh\u1eb9:<\/b> Ph\u00f9 h\u1ee3p v\u1edbi xu h\u01b0\u1edbng s\u1ed1ng kh\u1ecfe, kh\u00f4ng g\u00e2y c\u1ea3m gi\u00e1c ng\u1ecdt g\u1eaft hay nhanh ch\u00e1n.<\/p>\n<\/li>\n<li>\n<p data-path-to-node=\"9,2,0\"><b data-path-to-node=\"9,2,0\" data-index-in-node=\"0\">\u0110a d\u1ea1ng h\u01b0\u01a1ng v\u1ecb:<\/b> T\u1eeb th\u1ea1ch c\u1ee7 n\u0103ng, th\u1ea1ch ph\u00f4 mai \u0111\u1ebfn th\u1ea1ch tr\u00e1i c\u00e2y. M\u1ed7i lo\u1ea1i \u0111\u1ec1u mang m\u1ed9t phong c\u00e1ch ri\u00eang bi\u1ec7t.<\/p>\n<\/li>\n<\/ul>\n<p data-path-to-node=\"10\">S\u1eed d\u1ee5ng nguy\u00ean li\u1ec7u t\u1ef1 nhi\u00ean l\u00e0 xu h\u01b0\u1edbng b\u1ec1n v\u1eefng trong \u1ea9m th\u1ef1c hi\u1ec7n \u0111\u1ea1i. B\u1ea1n c\u00f3 th\u1ec3 t\u00ecm hi\u1ec3u th\u00eam v\u1ec1 c\u00e1c lo\u1ea1i <b data-path-to-node=\"10\" data-index-in-node=\"111\"><a class=\"ng-star-inserted\" href=\"https:\/\/vi.wikipedia.org\/wiki\/Th%E1%BA%A1ch_rau_c%C3%A2u\" target=\"_blank\" rel=\"noopener\" data-hveid=\"0\" data-ved=\"0CAAQ_4QMahgKEwjymovG8uCTAxUAAAAAHQAAAAAQkgQ\">nguy\u00ean li\u1ec7u l\u00e0m th\u1ea1ch t\u1ef1 nhi\u00ean<\/a><\/b> \u0111\u1ec3 hi\u1ec3u r\u00f5 h\u01a1n v\u1ec1 l\u1ee3i \u00edch c\u1ee7a ch\u00fang. Ngo\u00e0i ra, \u0111\u1eebng qu\u00ean kh\u00e1m ph\u00e1 MENU KIMHOUSE \u0111\u1ec3 ch\u1ecdn cho m\u00ecnh m\u1ed9t ly n\u01b0\u1edbc k\u1ebft h\u1ee3p c\u00f9ng th\u1ea1ch \u01b0ng \u00fd nh\u1ea5t.<\/p>\n<p data-path-to-node=\"11\">H\u00e3y \u0111\u1ebfn v\u1edbi <b data-path-to-node=\"11\" data-index-in-node=\"12\">KimHouse<\/b> ngay h\u00f4m nay \u0111\u1ec3 t\u1eadn h\u01b0\u1edfng s\u1ef1 s\u1ea3ng kho\u00e1i. T\u1eeb nh\u1eefng vi\u00ean <b data-path-to-node=\"11\" data-index-in-node=\"75\">topping th\u1ea1ch nh\u00e0 l\u00e0m<\/b> gi\u00f2n dai v\u00e0 thanh m\u00e1t nh\u00e9!<\/p>\n","protected":false},"excerpt":{"rendered":"<p>M\u1ec0M M\u1ecaN NGON NG\u1eccT TH\u01a0M L\u1eeaNG D\u1eacY V\u1eca<\/p>\n","protected":false},"featured_media":332,"template":"","meta":[],"product_brand":[],"product_cat":[40],"product_tag":[],"class_list":{"0":"post-331","1":"product","2":"type-product","3":"status-publish","4":"has-post-thumbnail","6":"product_cat-uncategorized","8":"first","9":"instock","10":"shipping-taxable","11":"purchasable","12":"product-type-variable"},"yoast_head":"<!-- This site is optimized with the Yoast SEO plugin v27.2 - https:\/\/yoast.com\/product\/yoast-seo-wordpress\/ -->\n<title>TH\u1ea0CH NH\u00c0 L\u00c0M - KIM HOUSE<\/title>\n<meta name=\"robots\" content=\"index, follow, max-snippet:-1, max-image-preview:large, max-video-preview:-1\" \/>\n<link rel=\"canonical\" href=\"https:\/\/kimhouse.azdigi.shop\/index.php\/product\/thach-nha-lam\/\" \/>\n<meta property=\"og:locale\" content=\"en_US\" \/>\n<meta property=\"og:type\" content=\"article\" \/>\n<meta property=\"og:title\" content=\"TH\u1ea0CH NH\u00c0 L\u00c0M - KIM HOUSE\" \/>\n<meta property=\"og:description\" content=\"M\u1ec0M M\u1ecaN NGON NG\u1eccT TH\u01a0M L\u1eeaNG D\u1eacY V\u1eca\" \/>\n<meta property=\"og:url\" content=\"https:\/\/kimhouse.azdigi.shop\/index.php\/product\/thach-nha-lam\/\" \/>\n<meta property=\"og:site_name\" content=\"KIM HOUSE\" \/>\n<meta property=\"article:modified_time\" content=\"2026-04-12T03:08:46+00:00\" \/>\n<meta property=\"og:image\" content=\"https:\/\/kimhouse.azdigi.shop\/wp-content\/uploads\/2026\/04\/thach-.jpg\" \/>\n\t<meta property=\"og:image:width\" content=\"1024\" \/>\n\t<meta property=\"og:image:height\" content=\"1024\" \/>\n\t<meta property=\"og:image:type\" content=\"image\/jpeg\" \/>\n<meta name=\"twitter:card\" content=\"summary_large_image\" \/>\n<meta name=\"twitter:label1\" content=\"Est. reading time\" \/>\n\t<meta name=\"twitter:data1\" content=\"3 minutes\" \/>\n<script type=\"application\/ld+json\" class=\"yoast-schema-graph\">{\"@context\":\"https:\/\/schema.org\",\"@graph\":[{\"@type\":\"WebPage\",\"@id\":\"https:\/\/kimhouse.azdigi.shop\/index.php\/product\/thach-nha-lam\/\",\"url\":\"https:\/\/kimhouse.azdigi.shop\/index.php\/product\/thach-nha-lam\/\",\"name\":\"TH\u1ea0CH NH\u00c0 L\u00c0M - KIM HOUSE\",\"isPartOf\":{\"@id\":\"https:\/\/kimhouse.azdigi.shop\/#website\"},\"primaryImageOfPage\":{\"@id\":\"https:\/\/kimhouse.azdigi.shop\/index.php\/product\/thach-nha-lam\/#primaryimage\"},\"image\":{\"@id\":\"https:\/\/kimhouse.azdigi.shop\/index.php\/product\/thach-nha-lam\/#primaryimage\"},\"thumbnailUrl\":\"https:\/\/kimhouse.azdigi.shop\/wp-content\/uploads\/2026\/04\/thach-.jpg\",\"datePublished\":\"2026-04-10T09:07:36+00:00\",\"dateModified\":\"2026-04-12T03:08:46+00:00\",\"breadcrumb\":{\"@id\":\"https:\/\/kimhouse.azdigi.shop\/index.php\/product\/thach-nha-lam\/#breadcrumb\"},\"inLanguage\":\"en-US\",\"potentialAction\":[{\"@type\":\"ReadAction\",\"target\":[\"https:\/\/kimhouse.azdigi.shop\/index.php\/product\/thach-nha-lam\/\"]}]},{\"@type\":\"ImageObject\",\"inLanguage\":\"en-US\",\"@id\":\"https:\/\/kimhouse.azdigi.shop\/index.php\/product\/thach-nha-lam\/#primaryimage\",\"url\":\"https:\/\/kimhouse.azdigi.shop\/wp-content\/uploads\/2026\/04\/thach-.jpg\",\"contentUrl\":\"https:\/\/kimhouse.azdigi.shop\/wp-content\/uploads\/2026\/04\/thach-.jpg\",\"width\":1024,\"height\":1024},{\"@type\":\"BreadcrumbList\",\"@id\":\"https:\/\/kimhouse.azdigi.shop\/index.php\/product\/thach-nha-lam\/#breadcrumb\",\"itemListElement\":[{\"@type\":\"ListItem\",\"position\":1,\"name\":\"Home\",\"item\":\"https:\/\/kimhouse.azdigi.shop\/\"},{\"@type\":\"ListItem\",\"position\":2,\"name\":\"Shop\",\"item\":\"https:\/\/kimhouse.azdigi.shop\/index.php\/shop\/\"},{\"@type\":\"ListItem\",\"position\":3,\"name\":\"TH\u1ea0CH NH\u00c0 L\u00c0M\"}]},{\"@type\":\"WebSite\",\"@id\":\"https:\/\/kimhouse.azdigi.shop\/#website\",\"url\":\"https:\/\/kimhouse.azdigi.shop\/\",\"name\":\"KIM HOUSE\",\"description\":\"G\u00f3i tr\u1ecdn tinh tu\u00fd - G\u00f3i tr\u1ecdn y\u00eau th\u01b0\u01a1ng \",\"publisher\":{\"@id\":\"https:\/\/kimhouse.azdigi.shop\/#\/schema\/person\/e006cb0befa6ce1803c1227789a850f4\"},\"potentialAction\":[{\"@type\":\"SearchAction\",\"target\":{\"@type\":\"EntryPoint\",\"urlTemplate\":\"https:\/\/kimhouse.azdigi.shop\/?s={search_term_string}\"},\"query-input\":{\"@type\":\"PropertyValueSpecification\",\"valueRequired\":true,\"valueName\":\"search_term_string\"}}],\"inLanguage\":\"en-US\"},{\"@type\":[\"Person\",\"Organization\"],\"@id\":\"https:\/\/kimhouse.azdigi.shop\/#\/schema\/person\/e006cb0befa6ce1803c1227789a850f4\",\"name\":\"thaithikimthao\",\"image\":{\"@type\":\"ImageObject\",\"inLanguage\":\"en-US\",\"@id\":\"https:\/\/kimhouse.azdigi.shop\/wp-content\/uploads\/2026\/03\/LO-GO.png\",\"url\":\"https:\/\/kimhouse.azdigi.shop\/wp-content\/uploads\/2026\/03\/LO-GO.png\",\"contentUrl\":\"https:\/\/kimhouse.azdigi.shop\/wp-content\/uploads\/2026\/03\/LO-GO.png\",\"width\":2000,\"height\":2000,\"caption\":\"thaithikimthao\"},\"logo\":{\"@id\":\"https:\/\/kimhouse.azdigi.shop\/wp-content\/uploads\/2026\/03\/LO-GO.png\"},\"sameAs\":[\"https:\/\/kimhouse.azdigi.shop\"]}]}<\/script>\n<!-- \/ Yoast SEO plugin. -->","yoast_head_json":{"title":"TH\u1ea0CH NH\u00c0 L\u00c0M - KIM HOUSE","robots":{"index":"index","follow":"follow","max-snippet":"max-snippet:-1","max-image-preview":"max-image-preview:large","max-video-preview":"max-video-preview:-1"},"canonical":"https:\/\/kimhouse.azdigi.shop\/index.php\/product\/thach-nha-lam\/","og_locale":"en_US","og_type":"article","og_title":"TH\u1ea0CH NH\u00c0 L\u00c0M - KIM HOUSE","og_description":"M\u1ec0M M\u1ecaN NGON NG\u1eccT TH\u01a0M L\u1eeaNG D\u1eacY V\u1eca","og_url":"https:\/\/kimhouse.azdigi.shop\/index.php\/product\/thach-nha-lam\/","og_site_name":"KIM HOUSE","article_modified_time":"2026-04-12T03:08:46+00:00","og_image":[{"width":1024,"height":1024,"url":"https:\/\/kimhouse.azdigi.shop\/wp-content\/uploads\/2026\/04\/thach-.jpg","type":"image\/jpeg"}],"twitter_card":"summary_large_image","twitter_misc":{"Est. reading time":"3 minutes"},"schema":{"@context":"https:\/\/schema.org","@graph":[{"@type":"WebPage","@id":"https:\/\/kimhouse.azdigi.shop\/index.php\/product\/thach-nha-lam\/","url":"https:\/\/kimhouse.azdigi.shop\/index.php\/product\/thach-nha-lam\/","name":"TH\u1ea0CH NH\u00c0 L\u00c0M - KIM HOUSE","isPartOf":{"@id":"https:\/\/kimhouse.azdigi.shop\/#website"},"primaryImageOfPage":{"@id":"https:\/\/kimhouse.azdigi.shop\/index.php\/product\/thach-nha-lam\/#primaryimage"},"image":{"@id":"https:\/\/kimhouse.azdigi.shop\/index.php\/product\/thach-nha-lam\/#primaryimage"},"thumbnailUrl":"https:\/\/kimhouse.azdigi.shop\/wp-content\/uploads\/2026\/04\/thach-.jpg","datePublished":"2026-04-10T09:07:36+00:00","dateModified":"2026-04-12T03:08:46+00:00","breadcrumb":{"@id":"https:\/\/kimhouse.azdigi.shop\/index.php\/product\/thach-nha-lam\/#breadcrumb"},"inLanguage":"en-US","potentialAction":[{"@type":"ReadAction","target":["https:\/\/kimhouse.azdigi.shop\/index.php\/product\/thach-nha-lam\/"]}]},{"@type":"ImageObject","inLanguage":"en-US","@id":"https:\/\/kimhouse.azdigi.shop\/index.php\/product\/thach-nha-lam\/#primaryimage","url":"https:\/\/kimhouse.azdigi.shop\/wp-content\/uploads\/2026\/04\/thach-.jpg","contentUrl":"https:\/\/kimhouse.azdigi.shop\/wp-content\/uploads\/2026\/04\/thach-.jpg","width":1024,"height":1024},{"@type":"BreadcrumbList","@id":"https:\/\/kimhouse.azdigi.shop\/index.php\/product\/thach-nha-lam\/#breadcrumb","itemListElement":[{"@type":"ListItem","position":1,"name":"Home","item":"https:\/\/kimhouse.azdigi.shop\/"},{"@type":"ListItem","position":2,"name":"Shop","item":"https:\/\/kimhouse.azdigi.shop\/index.php\/shop\/"},{"@type":"ListItem","position":3,"name":"TH\u1ea0CH NH\u00c0 L\u00c0M"}]},{"@type":"WebSite","@id":"https:\/\/kimhouse.azdigi.shop\/#website","url":"https:\/\/kimhouse.azdigi.shop\/","name":"KIM HOUSE","description":"G\u00f3i tr\u1ecdn tinh tu\u00fd - G\u00f3i tr\u1ecdn y\u00eau th\u01b0\u01a1ng ","publisher":{"@id":"https:\/\/kimhouse.azdigi.shop\/#\/schema\/person\/e006cb0befa6ce1803c1227789a850f4"},"potentialAction":[{"@type":"SearchAction","target":{"@type":"EntryPoint","urlTemplate":"https:\/\/kimhouse.azdigi.shop\/?s={search_term_string}"},"query-input":{"@type":"PropertyValueSpecification","valueRequired":true,"valueName":"search_term_string"}}],"inLanguage":"en-US"},{"@type":["Person","Organization"],"@id":"https:\/\/kimhouse.azdigi.shop\/#\/schema\/person\/e006cb0befa6ce1803c1227789a850f4","name":"thaithikimthao","image":{"@type":"ImageObject","inLanguage":"en-US","@id":"https:\/\/kimhouse.azdigi.shop\/wp-content\/uploads\/2026\/03\/LO-GO.png","url":"https:\/\/kimhouse.azdigi.shop\/wp-content\/uploads\/2026\/03\/LO-GO.png","contentUrl":"https:\/\/kimhouse.azdigi.shop\/wp-content\/uploads\/2026\/03\/LO-GO.png","width":2000,"height":2000,"caption":"thaithikimthao"},"logo":{"@id":"https:\/\/kimhouse.azdigi.shop\/wp-content\/uploads\/2026\/03\/LO-GO.png"},"sameAs":["https:\/\/kimhouse.azdigi.shop"]}]}},"_links":{"self":[{"href":"https:\/\/kimhouse.azdigi.shop\/index.php\/wp-json\/wp\/v2\/product\/331","targetHints":{"allow":["GET"]}}],"collection":[{"href":"https:\/\/kimhouse.azdigi.shop\/index.php\/wp-json\/wp\/v2\/product"}],"about":[{"href":"https:\/\/kimhouse.azdigi.shop\/index.php\/wp-json\/wp\/v2\/types\/product"}],"wp:featuredmedia":[{"embeddable":true,"href":"https:\/\/kimhouse.azdigi.shop\/index.php\/wp-json\/wp\/v2\/media\/332"}],"wp:attachment":[{"href":"https:\/\/kimhouse.azdigi.shop\/index.php\/wp-json\/wp\/v2\/media?parent=331"}],"wp:term":[{"taxonomy":"product_brand","embeddable":true,"href":"https:\/\/kimhouse.azdigi.shop\/index.php\/wp-json\/wp\/v2\/product_brand?post=331"},{"taxonomy":"product_cat","embeddable":true,"href":"https:\/\/kimhouse.azdigi.shop\/index.php\/wp-json\/wp\/v2\/product_cat?post=331"},{"taxonomy":"product_tag","embeddable":true,"href":"https:\/\/kimhouse.azdigi.shop\/index.php\/wp-json\/wp\/v2\/product_tag?post=331"}],"curies":[{"name":"wp","href":"https:\/\/api.w.org\/{rel}","templated":true}]}}