{"id":293,"date":"2026-04-10T08:14:03","date_gmt":"2026-04-10T08:14:03","guid":{"rendered":"https:\/\/kimhouse.azdigi.shop\/?post_type=product&#038;p=293"},"modified":"2026-04-12T03:16:17","modified_gmt":"2026-04-12T03:16:17","slug":"tiramisu","status":"publish","type":"product","link":"https:\/\/kimhouse.azdigi.shop\/index.php\/product\/tiramisu\/","title":{"rendered":"Tiramisu"},"content":{"rendered":"<h2 data-path-to-node=\"2\">Th\u01b0\u1edfng th\u1ee9c b\u00e1nh Tiramisu chu\u1ea9n v\u1ecb t\u1ea1i KimHouse<\/h2>\n<p data-path-to-node=\"3\">N\u1ebfu b\u1ea1n l\u00e0 m\u1ed9t t\u00edn \u0111\u1ed3 c\u1ee7a \u0111\u1ed3 ng\u1ecdt, ch\u1eafc ch\u1eafn kh\u00f4ng th\u1ec3 b\u1ecf qua m\u00f3n <b data-path-to-node=\"3\" data-index-in-node=\"66\">b\u00e1nh Tiramisu<\/b> t\u1ea1i KimHouse. \u0110\u01b0\u1ee3c m\u1ec7nh danh l\u00e0 m\u00f3n b\u00e1nh c\u1ee7a t\u00ecnh y\u00eau v\u00e0 s\u1ef1 say m\u00ea. Th\u1ee9c qu\u00e0 n\u00e0y mang \u0111\u1ebfn m\u1ed9t tr\u1ea3i nghi\u1ec7m \u1ea9m th\u1ef1c tinh t\u1ebf. K\u1ebft h\u1ee3p h\u00e0i h\u00f2a gi\u1eefa v\u1ecb \u0111\u1eafng thanh tao c\u1ee7a c\u00e0 ph\u00ea v\u00e0 s\u1ef1 b\u00e9o ng\u1eady kh\u00f3 c\u01b0\u1ee1ng c\u1ee7a l\u1edbp ph\u00f4 mai Mascarpone m\u1ecbn m\u00e0ng.<\/p>\n<h3 data-path-to-node=\"4\">Ngh\u1ec7 thu\u1eadt ch\u1ebf bi\u1ebfn b\u00e1nh Tiramisu \u0111\u1ed9c \u0111\u00e1o t\u1ea1i KimHouse<\/h3>\n<p data-path-to-node=\"5\">T\u1ea1i <b data-path-to-node=\"5\" data-index-in-node=\"4\">KimHouse<\/b>, ch\u00fang t\u00f4i kh\u00f4ng ch\u1ec9 l\u00e0m b\u00e1nh. Ch\u00fang t\u00f4i t\u1ea1o n\u00ean nh\u1eefng t\u00e1c ph\u1ea9m ngh\u1ec7 thu\u1eadt v\u1ecb gi\u00e1c. M\u1ed7i chi\u1ebfc <b data-path-to-node=\"5\" data-index-in-node=\"107\">b\u00e1nh Tiramisu<\/b> \u0111\u1ec1u \u0111\u01b0\u1ee3c th\u1ef1c hi\u1ec7n t\u1ec9 m\u1ec9 theo c\u00f4ng th\u1ee9c truy\u1ec1n th\u1ed1ng. Nh\u01b0ng c\u00f3 s\u1ef1 \u0111i\u1ec1u ch\u1ec9nh tinh t\u1ebf \u0111\u1ec3 ph\u00f9 h\u1ee3p v\u1edbi kh\u1ea9u v\u1ecb ng\u01b0\u1eddi Vi\u1ec7t.<\/p>\n<p data-path-to-node=\"6\">L\u1edbp b\u00e1nh quy Savoiardi \u0111\u01b0\u1ee3c ng\u00e2m nh\u1eb9 trong h\u1ed7n h\u1ee3p c\u00e0 ph\u00ea \u0111\u1eadm \u0111\u1eb7c, h\u00f2a quy\u1ec7n c\u00f9ng ch\u00fat h\u01b0\u01a1ng r\u01b0\u1ee3u n\u1ed3ng n\u00e0n t\u1ea1o n\u00ean \u0111\u1ed9 \u1ea9m m\u1ec1m tan ngay \u0111\u1ea7u l\u01b0\u1ee1i. Bao ph\u1ee7 l\u00ean \u0111\u00f3 l\u00e0 l\u1edbp kem ph\u00f4 mai b\u00e9o ng\u1eady, t\u01a1i x\u1ed1p. Khi\u1ebfn b\u1ea5t k\u1ef3 ai n\u1ebfm th\u1eed c\u0169ng ph\u1ea3i say \u0111\u1eafm t\u1eeb mi\u1ebfng \u0111\u1ea7u ti\u00ean. \u0110\u1ec3 \u0111\u1ea3m b\u1ea3o ch\u1ea5t l\u01b0\u1ee3ng. Ch\u00fang t\u00f4i lu\u00f4n ch\u1ecdn l\u1ecdc nh\u1eefng nguy\u00ean li\u1ec7u t\u01b0\u01a1i ngon nh\u1ea5t t\u1eeb c\u00e1c nh\u00e0 cung c\u1ea5p uy t\u00edn.<\/p>\n<h3 data-path-to-node=\"7\">T\u1ea1i sao b\u00e1nh Tiramisu c\u1ee7a ch\u00fang t\u00f4i l\u1ea1i \u0111\u1eb7c bi\u1ec7t?<\/h3>\n<ul data-path-to-node=\"8\">\n<li>\n<p data-path-to-node=\"8,0,0\"><b data-path-to-node=\"8,0,0\" data-index-in-node=\"0\">Nguy\u00ean li\u1ec7u cao c\u1ea5p:<\/b> S\u1eed d\u1ee5ng ph\u00f4 mai Mascarpone nh\u1eadp kh\u1ea9u k\u1ebft h\u1ee3p v\u1edbi b\u1ed9t cacao nguy\u00ean ch\u1ea5t th\u01b0\u1ee3ng h\u1ea1ng.<\/p>\n<\/li>\n<li>\n<p data-path-to-node=\"8,1,0\"><b data-path-to-node=\"8,1,0\" data-index-in-node=\"0\">\u0110\u1ed9 ng\u1ecdt c\u00e2n b\u1eb1ng:<\/b> Kh\u00e1c v\u1edbi c\u00e1c lo\u1ea1i b\u00e1nh c\u00f4ng nghi\u1ec7p. M\u00f3n b\u00e1nh t\u1ea1i qu\u00e1n c\u00f3 \u0111\u1ed9 ng\u1ecdt thanh, kh\u00f4ng g\u00e2y c\u1ea3m gi\u00e1c ng\u1ea5y.<\/p>\n<\/li>\n<li>\n<p data-path-to-node=\"8,2,0\"><b data-path-to-node=\"8,2,0\" data-index-in-node=\"0\">L\u00e0m m\u1edbi m\u1ed7i ng\u00e0y:<\/b> KimHouse cam k\u1ebft b\u00e1nh lu\u00f4n \u0111\u01b0\u1ee3c l\u00e0m m\u1edbi, Gi\u1eef tr\u1ecdn v\u1eb9n c\u1ea5u tr\u00fac m\u1ec1m m\u1ecbn khi ph\u1ee5c v\u1ee5 kh\u00e1ch h\u00e0ng.<\/p>\n<\/li>\n<\/ul>\n<p data-path-to-node=\"9\">Th\u01b0\u1edfng th\u1ee9c m\u1ed9t mi\u1ebfng b\u00e1nh ng\u1ecdt ng\u00e0o b\u00ean c\u1ea1nh ly c\u00e0 ph\u00ea \u0111\u1eadm \u0111\u00e0 trong kh\u00f4ng gian \u1ea5m c\u00fang c\u1ee7a qu\u00e1n s\u1ebd l\u00e0 c\u00e1ch tuy\u1ec7t v\u1eddi \u0111\u1ec3 b\u1ea1n th\u01b0 gi\u00e3n. B\u1ea1n c\u00f3 th\u1ec3 t\u00ecm hi\u1ec3u th\u00eam v\u1ec1 l\u1ecbch s\u1eed v\u00e0 <b data-path-to-node=\"9\" data-index-in-node=\"174\"><a class=\"ng-star-inserted\" href=\"https:\/\/vi.wikipedia.org\/wiki\/Tiramisu\" target=\"_blank\" rel=\"noopener\" data-hveid=\"0\" data-ved=\"0CAAQ_4QMahgKEwjymovG8uCTAxUAAAAAHQAAAAAQtgI\">ngu\u1ed3n g\u1ed1c b\u00e1nh Tiramisu<\/a><\/b> \u0111\u1ec3 hi\u1ec3u t\u1ea1i sao m\u00f3n \u0103n n\u00e0y l\u1ea1i n\u1ed5i ti\u1ebfng to\u00e0n c\u1ea7u.<\/p>\n<p data-path-to-node=\"9\">H\u00e3y gh\u00e9 th\u0103m <b data-path-to-node=\"10\" data-index-in-node=\"13\">KimHouse<\/b> ngay h\u00f4m nay \u0111\u1ec3 t\u1ef1 m\u00ecnh c\u1ea3m nh\u1eadn h\u01b0\u01a1ng v\u1ecb <b data-path-to-node=\"10\" data-index-in-node=\"64\">b\u00e1nh Tiramisu<\/b> tuy\u1ec7t h\u1ea3o. V\u00e0 t\u1eadn h\u01b0\u1edfng nh\u1eefng gi\u00e2y ph\u00fat th\u01b0 gi\u00e3n tuy\u1ec7t v\u1eddi nh\u1ea5t!<\/p>\n","protected":false},"excerpt":{"rendered":"<p>TH\u01a0M NGON B\u00c9O NG\u1eacY &#8211; M\u1edcI B\u1ea0N TH\u1eec NGAY<\/p>\n","protected":false},"featured_media":294,"template":"","meta":[],"product_brand":[],"product_cat":[40],"product_tag":[],"class_list":{"0":"post-293","1":"product","2":"type-product","3":"status-publish","4":"has-post-thumbnail","6":"product_cat-uncategorized","8":"first","9":"instock","10":"shipping-taxable","11":"purchasable","12":"product-type-variable"},"yoast_head":"<!-- This site is optimized with the Yoast SEO plugin v27.2 - https:\/\/yoast.com\/product\/yoast-seo-wordpress\/ -->\n<title>Tiramisu - KIM HOUSE<\/title>\n<meta name=\"robots\" content=\"index, follow, max-snippet:-1, max-image-preview:large, max-video-preview:-1\" \/>\n<link rel=\"canonical\" href=\"https:\/\/kimhouse.azdigi.shop\/index.php\/product\/tiramisu\/\" \/>\n<meta property=\"og:locale\" content=\"en_US\" \/>\n<meta property=\"og:type\" content=\"article\" \/>\n<meta property=\"og:title\" content=\"Tiramisu - KIM HOUSE\" \/>\n<meta property=\"og:description\" content=\"TH\u01a0M NGON B\u00c9O NG\u1eacY - M\u1edcI B\u1ea0N TH\u1eec NGAY\" \/>\n<meta property=\"og:url\" content=\"https:\/\/kimhouse.azdigi.shop\/index.php\/product\/tiramisu\/\" \/>\n<meta property=\"og:site_name\" content=\"KIM HOUSE\" \/>\n<meta property=\"article:modified_time\" content=\"2026-04-12T03:16:17+00:00\" \/>\n<meta property=\"og:image\" content=\"https:\/\/kimhouse.azdigi.shop\/wp-content\/uploads\/2026\/04\/tiamisu.jpg\" \/>\n\t<meta property=\"og:image:width\" content=\"1024\" \/>\n\t<meta property=\"og:image:height\" content=\"1024\" \/>\n\t<meta property=\"og:image:type\" content=\"image\/jpeg\" \/>\n<meta name=\"twitter:card\" content=\"summary_large_image\" \/>\n<meta name=\"twitter:label1\" content=\"Est. reading time\" \/>\n\t<meta name=\"twitter:data1\" content=\"2 minutes\" \/>\n<script type=\"application\/ld+json\" class=\"yoast-schema-graph\">{\"@context\":\"https:\/\/schema.org\",\"@graph\":[{\"@type\":\"WebPage\",\"@id\":\"https:\/\/kimhouse.azdigi.shop\/index.php\/product\/tiramisu\/\",\"url\":\"https:\/\/kimhouse.azdigi.shop\/index.php\/product\/tiramisu\/\",\"name\":\"Tiramisu - KIM HOUSE\",\"isPartOf\":{\"@id\":\"https:\/\/kimhouse.azdigi.shop\/#website\"},\"primaryImageOfPage\":{\"@id\":\"https:\/\/kimhouse.azdigi.shop\/index.php\/product\/tiramisu\/#primaryimage\"},\"image\":{\"@id\":\"https:\/\/kimhouse.azdigi.shop\/index.php\/product\/tiramisu\/#primaryimage\"},\"thumbnailUrl\":\"https:\/\/kimhouse.azdigi.shop\/wp-content\/uploads\/2026\/04\/tiamisu.jpg\",\"datePublished\":\"2026-04-10T08:14:03+00:00\",\"dateModified\":\"2026-04-12T03:16:17+00:00\",\"breadcrumb\":{\"@id\":\"https:\/\/kimhouse.azdigi.shop\/index.php\/product\/tiramisu\/#breadcrumb\"},\"inLanguage\":\"en-US\",\"potentialAction\":[{\"@type\":\"ReadAction\",\"target\":[\"https:\/\/kimhouse.azdigi.shop\/index.php\/product\/tiramisu\/\"]}]},{\"@type\":\"ImageObject\",\"inLanguage\":\"en-US\",\"@id\":\"https:\/\/kimhouse.azdigi.shop\/index.php\/product\/tiramisu\/#primaryimage\",\"url\":\"https:\/\/kimhouse.azdigi.shop\/wp-content\/uploads\/2026\/04\/tiamisu.jpg\",\"contentUrl\":\"https:\/\/kimhouse.azdigi.shop\/wp-content\/uploads\/2026\/04\/tiamisu.jpg\",\"width\":1024,\"height\":1024},{\"@type\":\"BreadcrumbList\",\"@id\":\"https:\/\/kimhouse.azdigi.shop\/index.php\/product\/tiramisu\/#breadcrumb\",\"itemListElement\":[{\"@type\":\"ListItem\",\"position\":1,\"name\":\"Home\",\"item\":\"https:\/\/kimhouse.azdigi.shop\/\"},{\"@type\":\"ListItem\",\"position\":2,\"name\":\"Shop\",\"item\":\"https:\/\/kimhouse.azdigi.shop\/index.php\/shop\/\"},{\"@type\":\"ListItem\",\"position\":3,\"name\":\"Tiramisu\"}]},{\"@type\":\"WebSite\",\"@id\":\"https:\/\/kimhouse.azdigi.shop\/#website\",\"url\":\"https:\/\/kimhouse.azdigi.shop\/\",\"name\":\"KIM HOUSE\",\"description\":\"G\u00f3i tr\u1ecdn tinh tu\u00fd - G\u00f3i tr\u1ecdn y\u00eau th\u01b0\u01a1ng \",\"publisher\":{\"@id\":\"https:\/\/kimhouse.azdigi.shop\/#\/schema\/person\/e006cb0befa6ce1803c1227789a850f4\"},\"potentialAction\":[{\"@type\":\"SearchAction\",\"target\":{\"@type\":\"EntryPoint\",\"urlTemplate\":\"https:\/\/kimhouse.azdigi.shop\/?s={search_term_string}\"},\"query-input\":{\"@type\":\"PropertyValueSpecification\",\"valueRequired\":true,\"valueName\":\"search_term_string\"}}],\"inLanguage\":\"en-US\"},{\"@type\":[\"Person\",\"Organization\"],\"@id\":\"https:\/\/kimhouse.azdigi.shop\/#\/schema\/person\/e006cb0befa6ce1803c1227789a850f4\",\"name\":\"thaithikimthao\",\"image\":{\"@type\":\"ImageObject\",\"inLanguage\":\"en-US\",\"@id\":\"https:\/\/kimhouse.azdigi.shop\/wp-content\/uploads\/2026\/03\/LO-GO.png\",\"url\":\"https:\/\/kimhouse.azdigi.shop\/wp-content\/uploads\/2026\/03\/LO-GO.png\",\"contentUrl\":\"https:\/\/kimhouse.azdigi.shop\/wp-content\/uploads\/2026\/03\/LO-GO.png\",\"width\":2000,\"height\":2000,\"caption\":\"thaithikimthao\"},\"logo\":{\"@id\":\"https:\/\/kimhouse.azdigi.shop\/wp-content\/uploads\/2026\/03\/LO-GO.png\"},\"sameAs\":[\"https:\/\/kimhouse.azdigi.shop\"]}]}<\/script>\n<!-- \/ Yoast SEO plugin. -->","yoast_head_json":{"title":"Tiramisu - KIM HOUSE","robots":{"index":"index","follow":"follow","max-snippet":"max-snippet:-1","max-image-preview":"max-image-preview:large","max-video-preview":"max-video-preview:-1"},"canonical":"https:\/\/kimhouse.azdigi.shop\/index.php\/product\/tiramisu\/","og_locale":"en_US","og_type":"article","og_title":"Tiramisu - KIM HOUSE","og_description":"TH\u01a0M NGON B\u00c9O NG\u1eacY - M\u1edcI B\u1ea0N TH\u1eec NGAY","og_url":"https:\/\/kimhouse.azdigi.shop\/index.php\/product\/tiramisu\/","og_site_name":"KIM HOUSE","article_modified_time":"2026-04-12T03:16:17+00:00","og_image":[{"width":1024,"height":1024,"url":"https:\/\/kimhouse.azdigi.shop\/wp-content\/uploads\/2026\/04\/tiamisu.jpg","type":"image\/jpeg"}],"twitter_card":"summary_large_image","twitter_misc":{"Est. reading time":"2 minutes"},"schema":{"@context":"https:\/\/schema.org","@graph":[{"@type":"WebPage","@id":"https:\/\/kimhouse.azdigi.shop\/index.php\/product\/tiramisu\/","url":"https:\/\/kimhouse.azdigi.shop\/index.php\/product\/tiramisu\/","name":"Tiramisu - KIM HOUSE","isPartOf":{"@id":"https:\/\/kimhouse.azdigi.shop\/#website"},"primaryImageOfPage":{"@id":"https:\/\/kimhouse.azdigi.shop\/index.php\/product\/tiramisu\/#primaryimage"},"image":{"@id":"https:\/\/kimhouse.azdigi.shop\/index.php\/product\/tiramisu\/#primaryimage"},"thumbnailUrl":"https:\/\/kimhouse.azdigi.shop\/wp-content\/uploads\/2026\/04\/tiamisu.jpg","datePublished":"2026-04-10T08:14:03+00:00","dateModified":"2026-04-12T03:16:17+00:00","breadcrumb":{"@id":"https:\/\/kimhouse.azdigi.shop\/index.php\/product\/tiramisu\/#breadcrumb"},"inLanguage":"en-US","potentialAction":[{"@type":"ReadAction","target":["https:\/\/kimhouse.azdigi.shop\/index.php\/product\/tiramisu\/"]}]},{"@type":"ImageObject","inLanguage":"en-US","@id":"https:\/\/kimhouse.azdigi.shop\/index.php\/product\/tiramisu\/#primaryimage","url":"https:\/\/kimhouse.azdigi.shop\/wp-content\/uploads\/2026\/04\/tiamisu.jpg","contentUrl":"https:\/\/kimhouse.azdigi.shop\/wp-content\/uploads\/2026\/04\/tiamisu.jpg","width":1024,"height":1024},{"@type":"BreadcrumbList","@id":"https:\/\/kimhouse.azdigi.shop\/index.php\/product\/tiramisu\/#breadcrumb","itemListElement":[{"@type":"ListItem","position":1,"name":"Home","item":"https:\/\/kimhouse.azdigi.shop\/"},{"@type":"ListItem","position":2,"name":"Shop","item":"https:\/\/kimhouse.azdigi.shop\/index.php\/shop\/"},{"@type":"ListItem","position":3,"name":"Tiramisu"}]},{"@type":"WebSite","@id":"https:\/\/kimhouse.azdigi.shop\/#website","url":"https:\/\/kimhouse.azdigi.shop\/","name":"KIM HOUSE","description":"G\u00f3i tr\u1ecdn tinh tu\u00fd - G\u00f3i tr\u1ecdn y\u00eau th\u01b0\u01a1ng ","publisher":{"@id":"https:\/\/kimhouse.azdigi.shop\/#\/schema\/person\/e006cb0befa6ce1803c1227789a850f4"},"potentialAction":[{"@type":"SearchAction","target":{"@type":"EntryPoint","urlTemplate":"https:\/\/kimhouse.azdigi.shop\/?s={search_term_string}"},"query-input":{"@type":"PropertyValueSpecification","valueRequired":true,"valueName":"search_term_string"}}],"inLanguage":"en-US"},{"@type":["Person","Organization"],"@id":"https:\/\/kimhouse.azdigi.shop\/#\/schema\/person\/e006cb0befa6ce1803c1227789a850f4","name":"thaithikimthao","image":{"@type":"ImageObject","inLanguage":"en-US","@id":"https:\/\/kimhouse.azdigi.shop\/wp-content\/uploads\/2026\/03\/LO-GO.png","url":"https:\/\/kimhouse.azdigi.shop\/wp-content\/uploads\/2026\/03\/LO-GO.png","contentUrl":"https:\/\/kimhouse.azdigi.shop\/wp-content\/uploads\/2026\/03\/LO-GO.png","width":2000,"height":2000,"caption":"thaithikimthao"},"logo":{"@id":"https:\/\/kimhouse.azdigi.shop\/wp-content\/uploads\/2026\/03\/LO-GO.png"},"sameAs":["https:\/\/kimhouse.azdigi.shop"]}]}},"_links":{"self":[{"href":"https:\/\/kimhouse.azdigi.shop\/index.php\/wp-json\/wp\/v2\/product\/293","targetHints":{"allow":["GET"]}}],"collection":[{"href":"https:\/\/kimhouse.azdigi.shop\/index.php\/wp-json\/wp\/v2\/product"}],"about":[{"href":"https:\/\/kimhouse.azdigi.shop\/index.php\/wp-json\/wp\/v2\/types\/product"}],"wp:featuredmedia":[{"embeddable":true,"href":"https:\/\/kimhouse.azdigi.shop\/index.php\/wp-json\/wp\/v2\/media\/294"}],"wp:attachment":[{"href":"https:\/\/kimhouse.azdigi.shop\/index.php\/wp-json\/wp\/v2\/media?parent=293"}],"wp:term":[{"taxonomy":"product_brand","embeddable":true,"href":"https:\/\/kimhouse.azdigi.shop\/index.php\/wp-json\/wp\/v2\/product_brand?post=293"},{"taxonomy":"product_cat","embeddable":true,"href":"https:\/\/kimhouse.azdigi.shop\/index.php\/wp-json\/wp\/v2\/product_cat?post=293"},{"taxonomy":"product_tag","embeddable":true,"href":"https:\/\/kimhouse.azdigi.shop\/index.php\/wp-json\/wp\/v2\/product_tag?post=293"}],"curies":[{"name":"wp","href":"https:\/\/api.w.org\/{rel}","templated":true}]}}